{"id":224,"date":"2023-12-13T19:22:41","date_gmt":"2023-12-13T19:22:41","guid":{"rendered":"https:\/\/wavesopenairredesign.live-website.com\/?page_id=224"},"modified":"2026-04-15T13:03:49","modified_gmt":"2026-04-15T13:03:49","slug":"impressum","status":"publish","type":"page","link":"https:\/\/waves-openair.de\/waves\/impressum\/","title":{"rendered":"IMPRESSUM"},"content":{"rendered":"","protected":false},"excerpt":{"rendered":"","protected":false},"author":1,"featured_media":0,"parent":0,"menu_order":26,"comment_status":"closed","ping_status":"closed","template":"","meta":[],"class_list":["post-224","page","type-page","status-publish","hentry"],"yoast_head":"<!-- This site is optimized with the Yoast SEO plugin v23.5 - https:\/\/yoast.com\/wordpress\/plugins\/seo\/ -->\n<title>IMPRESSUM &#8212; Waves Open Air Festival 2026<\/title>\n<meta name=\"robots\" content=\"index, follow, max-snippet:-1, max-image-preview:large, max-video-preview:-1\" \/>\n<link rel=\"canonical\" href=\"https:\/\/waves-openair.de\/waves\/impressum\/\" \/>\n<meta property=\"og:locale\" content=\"en_US\" \/>\n<meta property=\"og:type\" content=\"article\" \/>\n<meta property=\"og:title\" content=\"IMPRESSUM &#8212; Waves Open Air Festival 2026\" \/>\n<meta property=\"og:url\" content=\"https:\/\/waves-openair.de\/waves\/impressum\/\" \/>\n<meta property=\"og:site_name\" content=\"Waves Open Air Festival 2026\" \/>\n<meta property=\"article:publisher\" content=\"https:\/\/www.facebook.com\/wavesopenair\/\" \/>\n<meta property=\"article:modified_time\" content=\"2026-04-15T13:03:49+00:00\" \/>\n<meta name=\"twitter:card\" content=\"summary_large_image\" \/>\n<meta name=\"twitter:label1\" content=\"Est. reading time\" \/>\n\t<meta name=\"twitter:data1\" content=\"2 minutes\" \/>\n<script type=\"application\/ld+json\" class=\"yoast-schema-graph\">{\"@context\":\"https:\/\/schema.org\",\"@graph\":[{\"@type\":\"WebPage\",\"@id\":\"https:\/\/waves-openair.de\/waves\/impressum\/\",\"url\":\"https:\/\/waves-openair.de\/waves\/impressum\/\",\"name\":\"IMPRESSUM &#8212; Waves Open Air Festival 2026\",\"isPartOf\":{\"@id\":\"https:\/\/waves-openair.de\/waves\/#website\"},\"datePublished\":\"2023-12-13T19:22:41+00:00\",\"dateModified\":\"2026-04-15T13:03:49+00:00\",\"breadcrumb\":{\"@id\":\"https:\/\/waves-openair.de\/waves\/impressum\/#breadcrumb\"},\"inLanguage\":\"en-US\",\"potentialAction\":[{\"@type\":\"ReadAction\",\"target\":[\"https:\/\/waves-openair.de\/waves\/impressum\/\"]}]},{\"@type\":\"BreadcrumbList\",\"@id\":\"https:\/\/waves-openair.de\/waves\/impressum\/#breadcrumb\",\"itemListElement\":[{\"@type\":\"ListItem\",\"position\":1,\"name\":\"Startseite\",\"item\":\"https:\/\/waves-openair.de\/waves\/\"},{\"@type\":\"ListItem\",\"position\":2,\"name\":\"IMPRESSUM\"}]},{\"@type\":\"WebSite\",\"@id\":\"https:\/\/waves-openair.de\/waves\/#website\",\"url\":\"https:\/\/waves-openair.de\/waves\/\",\"name\":\"Waves Open Air Festival 2024\",\"description\":\"Drift off into the waves\",\"publisher\":{\"@id\":\"https:\/\/waves-openair.de\/waves\/#organization\"},\"potentialAction\":[{\"@type\":\"SearchAction\",\"target\":{\"@type\":\"EntryPoint\",\"urlTemplate\":\"https:\/\/waves-openair.de\/waves\/?s={search_term_string}\"},\"query-input\":{\"@type\":\"PropertyValueSpecification\",\"valueRequired\":true,\"valueName\":\"search_term_string\"}}],\"inLanguage\":\"en-US\"},{\"@type\":\"Organization\",\"@id\":\"https:\/\/waves-openair.de\/waves\/#organization\",\"name\":\"Waves Open Air Festival 2024\",\"url\":\"https:\/\/waves-openair.de\/waves\/\",\"logo\":{\"@type\":\"ImageObject\",\"inLanguage\":\"en-US\",\"@id\":\"https:\/\/waves-openair.de\/waves\/#\/schema\/logo\/image\/\",\"url\":\"https:\/\/waves-openair.de\/wp-content\/uploads\/2023\/12\/Element-1.svg\",\"contentUrl\":\"https:\/\/waves-openair.de\/wp-content\/uploads\/2023\/12\/Element-1.svg\",\"width\":418.49,\"height\":139.4,\"caption\":\"Waves Open Air Festival 2024\"},\"image\":{\"@id\":\"https:\/\/waves-openair.de\/waves\/#\/schema\/logo\/image\/\"},\"sameAs\":[\"https:\/\/www.facebook.com\/wavesopenair\/\",\"https:\/\/www.instagram.com\/wavesopenair\/\"]}]}<\/script>\n<!-- \/ Yoast SEO plugin. -->","yoast_head_json":{"title":"IMPRESSUM &#8212; Waves Open Air Festival 2026","robots":{"index":"index","follow":"follow","max-snippet":"max-snippet:-1","max-image-preview":"max-image-preview:large","max-video-preview":"max-video-preview:-1"},"canonical":"https:\/\/waves-openair.de\/waves\/impressum\/","og_locale":"en_US","og_type":"article","og_title":"IMPRESSUM &#8212; Waves Open Air Festival 2026","og_url":"https:\/\/waves-openair.de\/waves\/impressum\/","og_site_name":"Waves Open Air Festival 2026","article_publisher":"https:\/\/www.facebook.com\/wavesopenair\/","article_modified_time":"2026-04-15T13:03:49+00:00","twitter_card":"summary_large_image","twitter_misc":{"Est. reading time":"2 minutes"},"schema":{"@context":"https:\/\/schema.org","@graph":[{"@type":"WebPage","@id":"https:\/\/waves-openair.de\/waves\/impressum\/","url":"https:\/\/waves-openair.de\/waves\/impressum\/","name":"IMPRESSUM &#8212; Waves Open Air Festival 2026","isPartOf":{"@id":"https:\/\/waves-openair.de\/waves\/#website"},"datePublished":"2023-12-13T19:22:41+00:00","dateModified":"2026-04-15T13:03:49+00:00","breadcrumb":{"@id":"https:\/\/waves-openair.de\/waves\/impressum\/#breadcrumb"},"inLanguage":"en-US","potentialAction":[{"@type":"ReadAction","target":["https:\/\/waves-openair.de\/waves\/impressum\/"]}]},{"@type":"BreadcrumbList","@id":"https:\/\/waves-openair.de\/waves\/impressum\/#breadcrumb","itemListElement":[{"@type":"ListItem","position":1,"name":"Startseite","item":"https:\/\/waves-openair.de\/waves\/"},{"@type":"ListItem","position":2,"name":"IMPRESSUM"}]},{"@type":"WebSite","@id":"https:\/\/waves-openair.de\/waves\/#website","url":"https:\/\/waves-openair.de\/waves\/","name":"Waves Open Air Festival 2024","description":"Drift off into the waves","publisher":{"@id":"https:\/\/waves-openair.de\/waves\/#organization"},"potentialAction":[{"@type":"SearchAction","target":{"@type":"EntryPoint","urlTemplate":"https:\/\/waves-openair.de\/waves\/?s={search_term_string}"},"query-input":{"@type":"PropertyValueSpecification","valueRequired":true,"valueName":"search_term_string"}}],"inLanguage":"en-US"},{"@type":"Organization","@id":"https:\/\/waves-openair.de\/waves\/#organization","name":"Waves Open Air Festival 2024","url":"https:\/\/waves-openair.de\/waves\/","logo":{"@type":"ImageObject","inLanguage":"en-US","@id":"https:\/\/waves-openair.de\/waves\/#\/schema\/logo\/image\/","url":"https:\/\/waves-openair.de\/wp-content\/uploads\/2023\/12\/Element-1.svg","contentUrl":"https:\/\/waves-openair.de\/wp-content\/uploads\/2023\/12\/Element-1.svg","width":418.49,"height":139.4,"caption":"Waves Open Air Festival 2024"},"image":{"@id":"https:\/\/waves-openair.de\/waves\/#\/schema\/logo\/image\/"},"sameAs":["https:\/\/www.facebook.com\/wavesopenair\/","https:\/\/www.instagram.com\/wavesopenair\/"]}]}},"grid":"{\r\n  \"colCount\": 12,\r\n  \"colGutter\": 1,\r\n  \"rowGutters\": [\r\n    2\r\n  ],\r\n  \"frameMargin\": 5,\r\n  \"leftFrameMargin\": 2,\r\n  \"rightFrameMargin\": 2,\r\n  \"topFrameMargin\": 250,\r\n  \"mus\": {\r\n    \"colGutterMu\": \"%\",\r\n    \"rowGutterMu\": \"%\",\r\n    \"topFrameMu\": \"px\",\r\n    \"bottomFrameMu\": \"%\",\r\n    \"frameMu\": \"%\"\r\n  },\r\n  \"bottomFrameMargin\": 2,\r\n  \"rowAttrs\": [\r\n    {\r\n      \"relid\": 1\r\n    },\r\n    {\r\n      \"relid\": 3\r\n    }\r\n  ],\r\n  \"bgColor\": \"#f9f9f9\",\r\n  \"bgImage\": null,\r\n  \"cont\": [\r\n    {\r\n      \"type\": \"text\",\r\n      \"cont\": \"<p><span style=\\\"font-size: 50px; font-family: PPNeueMontreal-Bold;\\\">IMPRESSUM<\/span><\/p><p>\u00a0<\/p><h2 style=\\\"text-align: left;\\\"><span style=\\\"font-size: 30px; font-family: PPNeueMontreal-Bold;\\\">ANGABEN GEM\u00c4SS \u00a7 5 TMG<\/span><\/h2><p style=\\\"text-align: left;\\\"><span style=\\\"font-family: PPNeueMontreal-Bold;\\\">Construct Event GmbH<\/span><br \/>Vorm Dorfe 2<br \/>30900 Wedemark<br \/>vertreten durch die Gesch\u00e4ftsf\u00fchrer<br \/>Kristian Grube und Eike Leon Grimmelt und Colin Stuart Bennett<\/p><p style=\\\"text-align: left;\\\">\u00a0<\/p><p style=\\\"text-align: left;\\\"><span style=\\\"font-family: PPNeueMontreal-Bold;\\\">Kontakt<\/span><br \/>Tel.: 0152 06286664<br \/>Email: info@construct-event.de<br \/>Umsatzsteuer-Identifikationsnummer gem\u00e4\u00df \u00a727 a Umsatzsteuergesetz<br \/>USt.-ID: DE452912798<\/p><p>\u00a0<\/p><p style=\\\"text-align: left;\\\"><span style=\\\"font-size: 30px;\\\"><span style=\\\"font-family: PPNeueMontreal-Bold;\\\">BILDER UND GRAFIKEN<\/span><br \/><\/span><\/p><p style=\\\"text-align: left;\\\"><span style=\\\"font-family: PPNeueMontreal-Bold;\\\">Fotos<\/span><br \/><a href=\\\"https:\/\/instagram.com\/niklasbogon\/\\\">Niklas Bogon<\/a><\/p><p style=\\\"text-align: left;\\\"><span style=\\\"font-family: PPNeueMontreal-Bold;\\\">Grafische Elemente<\/span><br \/><a href=\\\"https:\/\/tobiasraschbacher.xyz\\\"><span>Tobias Raschbacher<\/span><\/a><\/p><p><span style=\\\"font-family: PPNeueMontreal-Bold;\\\">Webdesign &amp; Frontend<\/span><br \/><a href=\\\"https:\/\/w3d.zip\/?utm_source=waves\\\">W3D<\/a><\/p>\",\r\n      \"align\": \"top\",\r\n      \"row\": 0,\r\n      \"col\": 0,\r\n      \"colspan\": 12,\r\n      \"offsetx\": 0,\r\n      \"offsety\": 0,\r\n      \"spaceabove\": 4,\r\n      \"spacebelow\": 0,\r\n      \"yvel\": 1,\r\n      \"push\": 0,\r\n      \"relid\": 2,\r\n      \"absolute_position\": false\r\n    },\r\n    {\r\n      \"type\": \"text\",\r\n      \"cont\": \"<p><span style=\\\"font-family: PPNeueMontreal-Bold; font-size: 30px;\\\">Streitbeilegung (OS)<\/span><\/p><p><span style=\\\"font-family: PPNeueMontreal-Medium;\\\">Die Europ\u00e4ische Kommission stellt eine Plattform f\u00fcr die au\u00dfergerichtliche Online-Streitbeilegung (OS-Plattform) bereit, die unter www.ec.europa.eu\/consumers\/odr aufrufbar ist. Wir sind weder verpflichtet noch bereit, an dem Streitschlichtungsverfahren teilzunehmen.<\/span><\/p><p><span style=\\\"font-family: PPNeueMontreal-Medium;\\\"> Hinweise zur Problematik von externen Links:<\/span><\/p><p><span style=\\\"font-family: PPNeueMontreal-Medium;\\\"> Die Firma Construct Event GmbH ist nicht f\u00fcr den Inhalt von Webseiten verantwortlich, die durch eine Verlinkung erreicht werden und nicht von der Firma Construct Event GmbH erstellt wurden. Sie ist als Inhaltsanbieter f\u00fcr die \u201eeigenen Inhalte\u201c, die sie zu einer Nutzung bereith\u00e4lt, nach den allgemeinen Gesetzen verantwortlich. Von diesen eigenen Inhalten sind externe Links zu unterscheiden, die auf von anderen Anbietern bereitgehaltene Inhalte verweisen. Durch den externen Link h\u00e4lt die Firma Construct Event GmbH insofern \u201efremde Inhalte\u201c zur Nutzung bereit. F\u00fcr diese fremden Inhalte ist sie nur dann verantwortlich, wenn sie von ihnen (d.h. auch von rechtswidrigen bzw. strafbaren Inhalten) positive Kenntnis hat und es ihr technisch m\u00f6glich und zumutbar ist, deren Nutzung zu verhindern.<\/span><\/p><p><span style=\\\"font-family: PPNeueMontreal-Medium;\\\">Bei externen Links und damit verbundenen Querverweisen handelt es sich stets um \u201elebende\u201c (dynamische) Verweisungen. Die Firma Construct Event GmbH hat bei der erstmaligen Verkn\u00fcpfung den fremden Inhalt daraufhin \u00fcberpr\u00fcft, ob durch ihn eine m\u00f6gliche zivilrechtliche oder strafrechtliche Verantwortlichkeit ausgel\u00f6st wird; dies war nicht der Fall. Sie ist nach dem Gesetz nicht dazu verpflichtet, die Inhalte, auf die sie in seinem Angebot verweist, st\u00e4ndig auf Ver\u00e4nderungen zu \u00fcberpr\u00fcfen, die eine Verantwortlichkeit neu begr\u00fcnden k\u00f6nnten. Erst wenn sie feststellt oder von Dritten darauf hingewiesen wird, dass ein konkretes Angebot, zu dem sie einen externen Link bereitgestellt hat, eine zivil- oder strafrechtliche Verantwortlichkeit ausl\u00f6st, wird sie den Verweis auf dieses Angebot aufheben, soweit ihr dies technisch m\u00f6glich und zumutbar ist.<\/span><\/p>\",\r\n      \"align\": \"top\",\r\n      \"row\": 1,\r\n      \"col\": 0,\r\n      \"colspan\": 6,\r\n      \"offsetx\": 0,\r\n      \"offsety\": 0,\r\n      \"spaceabove\": 0,\r\n      \"spacebelow\": 0,\r\n      \"yvel\": 1,\r\n      \"push\": 0,\r\n      \"relid\": 4,\r\n      \"absolute_position\": false\r\n    }\r\n  ]\r\n}","phonegrid":"","_links":{"self":[{"href":"https:\/\/waves-openair.de\/waves\/wp-json\/wp\/v2\/pages\/224","targetHints":{"allow":["GET"]}}],"collection":[{"href":"https:\/\/waves-openair.de\/waves\/wp-json\/wp\/v2\/pages"}],"about":[{"href":"https:\/\/waves-openair.de\/waves\/wp-json\/wp\/v2\/types\/page"}],"author":[{"embeddable":true,"href":"https:\/\/waves-openair.de\/waves\/wp-json\/wp\/v2\/users\/1"}],"replies":[{"embeddable":true,"href":"https:\/\/waves-openair.de\/waves\/wp-json\/wp\/v2\/comments?post=224"}],"version-history":[{"count":0,"href":"https:\/\/waves-openair.de\/waves\/wp-json\/wp\/v2\/pages\/224\/revisions"}],"wp:attachment":[{"href":"https:\/\/waves-openair.de\/waves\/wp-json\/wp\/v2\/media?parent=224"}],"curies":[{"name":"wp","href":"https:\/\/api.w.org\/{rel}","templated":true}]}}